 4*t - 18, -a*t - 15 = 0. Suppose 8*x - 700 = -f*x. Does 35 divide x?
True
Let t = 30 + -857. Let b = t - -1191. Is b a multiple of 26?
True
Let b = -201 - -92. Let d = b + 472. Is 14 a factor of d?
False
Suppose o + 4*o - 1902 = -3*v, 0 = o + 4*v - 394. Suppose 4*w - o = -10*w. Is w a multiple of 3?
True
Let y be 396 - 1/2*(-16 + 20). Let r be (-10)/4 + (-1)/2. Does 28 divide 2*(r - y/(-4))?
False
Let u(q) = -119*q + 34. Let s be u(-3). Suppose 0 = -2*h + 3*m + s, h + 792 = 5*h + 4*m. Does 51 divide h?
False
Suppose -7*s - 130 = 6*s. Let x = -7 + 8. Does 10 divide (x - 21)/(s - -8)?
True
Is (-764824)/88*5/(-1) + (-10)/(-110) a multiple of 97?
True
Is -9*(-16)/(-24) - -12770 a multiple of 8?
False
Let p(i) = i**2 - 11*i + 140. Is 14 a factor of p(81)?
True
Let q(a) = -54*a - 860. Is 61 a factor of q(-22)?
False
Suppose -2*f = 2*y + 4, -3*f + 1 = -2*y - 3. Suppose -3*j - 4*n + 20 = -f*n, 3*n = -4*j + 15. Suppose 6*a + a - 637 = j. Is 13 a factor of a?
True
Suppose 0*w = -4*w + 5*v + 801, -3*v = -5*w + 1011. Let p(g) = -6*g - 3. Let b be p(-1). Suppose 4*z - w = b*z. Is z a multiple of 51?
True
Let a = 7150 - 5380. Does 2 divide a?
True
Suppose 2*k = 0, 33*v - 31*v + k - 6 = 0. Suppose -o = -v*w - 48, 81 = 2*o - 5*w - 15. Is 4 a factor of o?
True
Suppose 4*w - 12 = w, 2*g - 6 = -3*w. Let y(x) = -71*x - 37. Is y(g) a multiple of 16?
True
Is 4 a factor of (-7002)/(-24)*4 + 7 + 4?
False
Let j(g) = -3*g + 21. Let k be j(-9). Suppose -i = 11*i - k. Suppose 303 = i*h - 49. Is 8 a factor of h?
True
Let u(g) = g**2 + 27*g + 30. Let h be u(20). Suppose s + 4*x - 170 = -0*s, 5*s - h = 4*x. Suppose -4*l + 226 = 5*i, -5*i + 6*l = l - s. Does 6 divide i?
True
Suppose -6*r - 25 = -r, 2*o - 451 = -r. Suppose -3*z + o = 5*a - a, 0 = -3*a. Is z a multiple of 19?
True
Let d(h) = -h**2 + 10*h + 34. Let k be d(12). Suppose 5 = -5*j - 3*l, 0 = 2*j - 7*j - 4*l - k. Does 9 divide j*1 + 52 + 13 + -4?
True
Let a(h) = 42 + h - 35*h + 3*h + 3*h. Is 9 a factor of a(-3)?
True
Suppose 2370 = 2*x - 5*u, 12*x - u + 3606 = 15*x. Is 100 a factor of x?
True
Let k be 9/(-15)*(-200)/24. Suppose 903 + 87 = k*d. Does 8 divide d?
False
Suppose 240 = n + 29*n. Does 25 divide (-2 + (-18)/(-10))/(n/(-39880))?
False
Let h be (-4)/(-2)*9/6*1. Suppose -v + y = -24, 0 = y + h - 5. Let s = 19 + v. Is 15 a factor of s?
True
Is 20 a factor of ((-1512)/1323)/(2/(-1995))?
True
Let v(u) = -u**3 + 7*u**2 + 9*u - 6. Let y be v(8). Suppose y*f - 378 = -j + 5*j, j - 4 = 0. Is f a multiple of 5?
False
Suppose -80*l + 1932121 = -2146439. Is l a multiple of 174?
True
Let b(k) = 35*k**3 - k**2 + 2*k - 1. Let z(l) = -2*l**2 + 3*l - 12. Let p(n) = n**2 + 1. Let f(s) = 3*p(s) + z(s). Let a be f(-5). Does 35 divide b(a)?
True
Suppose -5920 = -2*t + 2*a, -3*t + 64*a - 60*a = -8884. Is t a multiple of 6?
False
Suppose h - 4*d - 1025 = 0, 0 = -5*h - 27*d + 32*d + 5035. Does 52 divide h?
False
Let p = -181 + 465. Let r = -69 - -72. Suppose 12 = r*s, 0*s + s - p = -5*g. Is g a multiple of 14?
True
Suppose -5*i - 109949 = -3*l, -87275 = -4*l + 3*i + 59320. Is l a multiple of 24?
True
Let n = 939 + -933. Suppose -n*z + 465 = -39. Does 7 divide z?
True
Suppose -5*l = 3*j - 4599, 0 = -4*j + l + 1768 + 4364. Is 34 a factor of (-6 - -1)*j/(-35)?
False
Suppose 15*v = 16*v - 2. Suppose 3*a = v*a - 75. Is 12 a factor of (-2)/5 - 7530/a?
False
Let u(a) = 17*a - 244. Suppose 94 = 4*p - 2*o + 7*o, -2*o - 4 = 0. Does 66 divide u(p)?
True
Is 2/(-4)*(1 + 0 + -895) a multiple of 14?
False
Suppose -2*a - 180 = 26. Let p = -4372 + 4162. Let o = a - p. Does 29 divide o?
False
Let d(p) = -p**3 - p**2. Let x(a) = -4*a**3 - 7*a**2 + 3*a + 4. Let q(y) = 5*d(y) - x(y). Suppose 0 = -5*c + 12*o - 10*o - 6, o - 10 = 6*c. Does 3 divide q(c)?
True
Suppose h - 2*o - 1345 = -4*o, 6695 = 5*h + 4*o. Suppose -5*i + 2*i = 3*l + h, -3*l - 447 = i. Is i/30*(-9 - 1) a multiple of 16?
False
Suppose -40943 + 66311 = 15*k - 92097. Is k a multiple of 191?
True
Suppose -4*r = 2*p - 60, 0 = -5*r + 4*p + 102 - 27. Suppose 0 = r*q - 211 + 31. Does 12 divide q?
True
Suppose -2*t + 23834 = 10*p, -2*p - 29 = -15. Is 166 a factor of t?
True
Suppose -104 = -5*c + 4*b + 81, 3*c + 3*b - 138 = 0. Is 14 a factor of (-16868)/(-14) - c/(-287)?
False
Suppose -173*q = -361*q + 177*q + 869. Let k be 59/(-1 + 4/2). Let p = q - k. Does 3 divide p?
False
Let x = -71 - -78. Let j(y) = y**3 - 5*y**2 - 10*y + 2. Does 6 divide j(x)?
True
Suppose 2*k = 12*m - 9*m - 2536, 0 = -2*k + m - 2532. Let x = k + 1811. Is 14 a factor of x?
True
Let f be -224*(1 + 0)*4/8. Let t = -133 - -67. Does 4 divide (6 - t/(-12))/((-2)/f)?
True
Suppose -3*j = -9*j + 12. Is (-6)/(j + -4) + 11 a multiple of 4?
False
Suppose 0 = 3*w - 7*w - 2*s + 198, -3*w + 171 = -3*s. Let i = 80 + w. Does 33 divide i?
True
Suppose 95 = -5*m - 5*n - 20, -3*n + 36 = -2*m. Is (6 + m)/((-1)/30) a multiple of 50?
True
Let k(s) = -65*s - 3*s**3 + 73*s**2 - 57 - 71*s**2 + 59*s + 21. Is 63 a factor of k(-6)?
False
Suppose -40*v + 21*v = -114. Suppose -1809 = -v*y + 4095. Is y a multiple of 37?
False
Let u(n) = -56*n + 40. Suppose 2*a - 4 = -4*x, -5*a - 11*x - 15 = -6*x. Is u(a) a multiple of 61?
True
Let p(y) be the second derivative of -y**5/5 + y**4/6 - y**3 - 6*y**2 + 1665*y. Let j be (1 + 1)/(-2) - 2. Is p(j) a multiple of 6?
True
Suppose 12*m + 903 - 3435 = 0. Suppose 12*w = 787 - m. Does 3 divide w?
True
Let r(h) = -6*h - 16. Let z be r(-3). Suppose 0 = -3*p + 12 - 0, 292 = s - z*p. Is s a multiple of 10?
True
Suppose 0 = -83*v + 76*v + 1295. Let w = 175 + v. Does 20 divide w?
True
Suppose 1561 = -3*u + 7*u - m, 0 = 4*u - 2*m - 1558. Let d = u + -138. Is d a multiple of 11?
True
Let a(s) = -583*s**3 - 3*s**2 + 2*s + 22. Is a(-3) a multiple of 65?
True
Suppose -422 = 3*b + 2*v, 698 = -2*b - 3*b - 2*v. Let n = b + 650. Does 32 divide n?
True
Suppose -3*j - 5*a = -5, 0 = 5*j - 3*j + 3*a - 4. Suppose 2*h + 1549 = j*h + 2*x, 4*h + 3*x = 2065. Does 47 divide h?
True
Let q be (175/(-20))/(1/12). Is 11 a factor of (924/q)/(4/(-170))?
True
Let n be (-6 + -2)/((-16)/8). Suppose 100 = n*h + 64. Suppose 507 = h*g - 6*g. Is g a multiple of 14?
False
Suppose 5*s = -3*s + 48. Suppose -3*o = s*k - 5*k - 10, -o = 2*k - 20. Is k a multiple of 10?
True
Suppose -169*o + 173*o - 5968 = 0. Is o a multiple of 102?
False
Suppose 30*j = 33*j + 3*b - 585, -5*j = -2*b - 940. Suppose 0 = -2*s + 110 + j. Does 12 divide s?
False
Let x(v) = 0*v**2 - 8*v - 191 + 2*v**2 + 74. Is 25 a factor of x(12)?
True
Let r be (-2723 - 1) + (-2 - -38)/9. Is (12/(-5))/(2*12/r) a multiple of 32?
False
Suppose -4*o = 3*s + 62, 32 = 4*o - 7*o + 5*s. Is -2 + (-32)/o + 13770/21 a multiple of 75?
False
Does 12 divide 2710*-8*84/(-480)?
False
Suppose 577288 - 170268 = 188*w. Is 111 a factor of w?
False
Let j be 3 - (2/4)/(9/(-90)). Suppose -6*n = j*n - 728. Is 3 a factor of n?
False
Let i(c) = c**3 + 27*c**2 - 30*c - 67. Let l be i(-28). Let v = l + 103. Does 8 divide v?
False
Suppose -36*c + 37*c - 5 = 0. Suppose -2*n = k + c, 2*n + 7 = 5*k + 20. Does 2 divide 50/40 - k/4?
True
Let u be (2/(-1))/(-5 - 39/(-8)). Suppose 664 + 2696 = u*n. Does 10 divide n?
True
Suppose 0 = -4*o - 0*p - 2*p - 146, 3*o + 5*p = -127. Suppose -5*u = 2*h + 33, -3*h + 5*u - 54 = 8*u. Let x = h - o. Is 5 a factor of x?
True
Let l be 28 + -3 - 5*1. Suppose 4*j + 0*j = 16. Suppose -4*t + 7 = j*k + t, 4*t = -l. Is 4 a factor of k?
True
Suppose 0 = -f - 4*f + 15. Suppose 9 = 4*j - f*o, -2*j + o + 13 - 8 = 0. Suppose 675 = 4*h - h + 3*r, -j*r - 15 = 0. Is h a multiple of 47?
False
Let h(c) = -c**3 + 11*c**2 - 18*c + 10. Let j(f) = -f**3 + 17*f**2 + 22*f - 63. Let a be j(18). Is h(a) a multiple of 10?
True
Suppose 6*t - 25 = 11*t, 0 = -2*d + t + 2245. Let j = d + -982. Is j a multiple of 12?
False
Let d be 64/112*1239/6. Let w = 132 - d. Is 7 a factor of w?
True
Let b(o) be the first derivative of -o**2 + 36*o + 6. Let u be b(15). Let j(g) = g**3 - 4*g**2 + 3*g - 6. Is j(u) a multiple of 18?
False
Let r(n) = -n + 2. Let o be r(2). Suppose o*x - 30 = -5*x. Let y = x + 6. Is y a multiple of 12?
True
Let v(d) = -d**3 + 10*d**2 + 8*d - 21. Let f(l) = 4*l + 28. Let q be f(-6). Suppose -2*k + 14 = q*s, s = 2*k - 18 - 1. Is v(k) a multiple of 11?
True
Suppose -g + 1025 = 5*i, -838 = -5*i - 2*g + 192. Let o 